{"id":442,"date":"2015-11-17T05:09:58","date_gmt":"2015-11-17T05:09:58","guid":{"rendered":"http:\/\/logistics.stylemixthemes.com\/\/?page_id=442"},"modified":"2023-08-26T12:48:16","modified_gmt":"2023-08-26T12:48:16","slug":"contacts","status":"publish","type":"page","link":"https:\/\/denmar.com.tr\/?page_id=442","title":{"rendered":"\u0130leti\u015fim"},"content":{"rendered":"<section class=\"wpb-content-wrapper\"><p>[vc_row css=&#8221;.vc_custom_1449207080478{margin-bottom: 60px !important;}&#8221;][vc_column offset=&#8221;vc_col-lg-4 vc_col-md-4&#8243; css=&#8221;.vc_custom_1449207085340{margin-bottom: 30px !important;}&#8221;][vc_column_text]<\/p>\n<h2>ADRES VE \u0130LET\u0130\u015e\u0130M<\/h2>\n<p><span style=\"font-family: arial, helvetica, sans-serif;\">Tel\u00a0\u00a0\u00a0: +90 (0) 216 474 51 39 <\/span><\/p>\n<p><span style=\"font-family: arial, helvetica, sans-serif;\">Pbx. \u2013 Fax: +90 (0)216 474 51 40<\/span><\/p>\n<p><span style=\"font-family: arial, helvetica, sans-serif;\">Email\u00a0:<a href=\"mailto:info@denmar.com.tr\">info@denmar.com.tr<\/a><\/span><\/p>\n<p><span style=\"font-family: arial, helvetica, sans-serif;\">Export\u00a0 :<a href=\"mailto:Cigdem@denmar.com.tr\">cigdem@denmar.com.tr<\/a><\/span><\/p>\n<p><span style=\"font-family: arial, helvetica, sans-serif;\">\u0130mport\u00a0 :<a href=\"mailto:zeynepturan@denmar.com.tr\">zeynepturan@denmar.com.tr<\/a><\/span><\/p>\n<p>Adres: \u0130cadiye Mah. \u0130cadiye Ba\u011flarba\u015f\u0131 Cad. Mesadet i\u015f Han\u0131 No: 5\/4<\/p>\n<p>34674 | \u00dcsk\u00fcdar \u2013 \u0130STANBUL \u2013 T \u00dcR K \u0130 Y E[\/vc_column_text][\/vc_column][vc_column offset=&#8221;vc_col-lg-8 vc_col-md-8&#8243; css=&#8221;.vc_custom_1449207088828{margin-bottom: 30px !important;}&#8221;][vc_gmaps link=&#8221;#E-8_JTNDaWZyYW1lJTIwc3JjJTNEJTIyaHR0cHMlM0ElMkYlMkZ3d3cuZ29vZ2xlLmNvbSUyRm1hcHMlMkZlbWJlZCUzRnBiJTNEJTIxMW0xOCUyMTFtMTIlMjExbTMlMjExZDExMzY0LjE3NzU3OTAyMjU5JTIxMmQyOS4wMjkyNDM4NDk5Nzk1MzMlMjEzZDQxLjAyNTY0NjY0NjQwMjM4JTIxMm0zJTIxMWYwJTIxMmYwJTIxM2YwJTIxM20yJTIxMWkxMDI0JTIxMmk3NjglMjE0ZjEzLjElMjEzbTMlMjExbTIlMjExczB4MTRjYWI3ZTRkNGYzZTNkZCUyNTNBMHhjY2I0OTE5NTU1NGJiMjFkJTIxMnNEZW5tYXIlMjE1ZTAlMjEzbTIlMjExc3RyJTIxMnN0ciUyMTR2MTY5MzA1MzAwMDI5NCUyMTVtMiUyMTFzdHIlMjEyc3RyJTIyJTIwd2lkdGglM0QlMjI2MDAlMjIlMjBoZWlnaHQlM0QlMjI1MDAlMjIlMjBzdHlsZSUzRCUyMmJvcmRlciUzQTAlM0IlMjIlMjBhbGxvd2Z1bGxzY3JlZW4lM0QlMjIlMjIlMjBsb2FkaW5nJTNEJTIybGF6eSUyMiUyMHJlZmVycmVycG9saWN5JTNEJTIybm8tcmVmZXJyZXItd2hlbi1kb3duZ3JhZGUlMjIlM0UlM0MlMkZpZnJhbWUlM0U=&#8221;][\/vc_column][\/vc_row]<\/p>\n<\/section>","protected":false},"excerpt":{"rendered":"<p>[vc_row css=&#8221;.vc_custom_1449207080478{margin-bottom: 60px !important;}&#8221;][vc_column offset=&#8221;vc_col-lg-4 vc_col-md-4&#8243; css=&#8221;.vc_custom_1449207085340{margin-bottom: 30px !important;}&#8221;][vc_column_text] ADRES VE \u0130LET\u0130\u015e\u0130M Tel\u00a0\u00a0\u00a0: +90 (0) 216 474 51 39 Pbx. \u2013 Fax: +90 (0)216 474 51 40 Email\u00a0:info@denmar.com.tr Export\u00a0 :cigdem@denmar.com.tr \u0130mport\u00a0 :zeynepturan@denmar.com.tr Adres:&#8230;<\/p>\n","protected":false},"author":1,"featured_media":0,"parent":0,"menu_order":0,"comment_status":"closed","ping_status":"closed","template":"","meta":{"footnotes":""},"class_list":["post-442","page","type-page","status-publish","hentry"],"_links":{"self":[{"href":"https:\/\/denmar.com.tr\/index.php?rest_route=\/wp\/v2\/pages\/442","targetHints":{"allow":["GET"]}}],"collection":[{"href":"https:\/\/denmar.com.tr\/index.php?rest_route=\/wp\/v2\/pages"}],"about":[{"href":"https:\/\/denmar.com.tr\/index.php?rest_route=\/wp\/v2\/types\/page"}],"author":[{"embeddable":true,"href":"https:\/\/denmar.com.tr\/index.php?rest_route=\/wp\/v2\/users\/1"}],"replies":[{"embeddable":true,"href":"https:\/\/denmar.com.tr\/index.php?rest_route=%2Fwp%2Fv2%2Fcomments&post=442"}],"version-history":[{"count":2,"href":"https:\/\/denmar.com.tr\/index.php?rest_route=\/wp\/v2\/pages\/442\/revisions"}],"predecessor-version":[{"id":1351,"href":"https:\/\/denmar.com.tr\/index.php?rest_route=\/wp\/v2\/pages\/442\/revisions\/1351"}],"wp:attachment":[{"href":"https:\/\/denmar.com.tr\/index.php?rest_route=%2Fwp%2Fv2%2Fmedia&parent=442"}],"curies":[{"name":"wp","href":"https:\/\/api.w.org\/{rel}","templated":true}]}}