{"id":1372,"date":"2023-08-27T11:20:22","date_gmt":"2023-08-27T11:20:22","guid":{"rendered":"https:\/\/denmar.com.tr\/?page_id=1372"},"modified":"2023-08-27T11:20:52","modified_gmt":"2023-08-27T11:20:52","slug":"karayolu-tasimaciligi","status":"publish","type":"page","link":"https:\/\/denmar.com.tr\/?page_id=1372","title":{"rendered":"Karayolu Ta\u015f\u0131mac\u0131l\u0131\u011f\u0131"},"content":{"rendered":"<section class=\"wpb-content-wrapper\"><div class=\"vc_row wpb_row vc_row-fluid vc_custom_1414841734642\">\n<div class=\"parallax-wrapper\">\n<div class=\"wpb_column vc_column_container vc_col-sm-12\">\n<div class=\"vc_column-inner \">\n<div class=\"wpb_wrapper\">\n<div class=\"wpb_text_column wpb_content_element \">\n<div class=\"wpb_wrapper\">\n<h3>Kara Lojisti\u011fi<\/h3>\n<p>Denmar, ihracat ve ithalat karayolu ta\u015f\u0131mac\u0131l\u0131\u011f\u0131 i\u00e7in \u00e7\u00f6z\u00fcm orta\u011f\u0131n\u0131z olarak hizmetinizdedir.\u00a0\u00a0\u0130thalat ve ihracat karayolu ta\u015f\u0131mac\u0131l\u0131\u011f\u0131 i\u00e7in sevk\u0131yat\u0131n\u0131z\u0131n a\u011f\u0131rl\u0131\u011f\u0131na ve hacmine bak\u0131lmaks\u0131z\u0131n, g\u00fc\u00e7l\u00fc bir acenteler a\u011f\u0131, h\u0131z ve hizmet kalitesi ile en iyi yol nakli hizmeti sunmaktay\u0131z.<\/p>\n<p><img loading=\"lazy\" decoding=\"async\" class=\"size-medium wp-image-1922 alignleft\" src=\"http:\/\/demo.gezegenbilisim.com\/denmar\/wp-content\/uploads\/2018\/09\/42420798-300x191.jpg\" sizes=\"auto, (max-width: 300px) 100vw, 300px\" srcset=\"https:\/\/denmar.com.tr\/wp-content\/uploads\/2018\/09\/42420798-300x191.jpg 300w, https:\/\/denmar.com.tr\/wp-content\/uploads\/2018\/09\/42420798.jpg 400w\" alt=\"\" width=\"300\" height=\"191\" \/><\/p>\n<p>Denmar olarak,\u00a0 t\u00fcm karayolu ta\u015f\u0131mac\u0131l\u0131\u011f\u0131 projelerinizde orta\u011f\u0131n\u0131z olmak istiyoruz.\u00a0\u00a0\u00a0Denmar, t\u00fcm komple ve k\u0131smi karayolu ta\u015f\u0131mac\u0131l\u0131\u011f\u0131 projeleriniz i\u00e7in g\u00fcvenilir orta\u011f\u0131n\u0131zd\u0131r<\/p>\n<\/div>\n<\/div>\n<\/div>\n<\/div>\n<\/div>\n<\/div>\n<\/div>\n<div class=\"vc_row wpb_row vc_row-fluid vc_custom_1461016537455\">\n<div class=\"parallax-wrapper\">\n<div class=\"wpb_column vc_column_container vc_col-sm-4\">\n<div class=\"vc_column-inner \">\n<div class=\"wpb_wrapper\">\n<div id=\"tile-with-icon_icon4171\" class=\"title-with-icon-wrapper clear xxlarge \" data-color=\"\">\n<div class=\"wpb_content_element title-with-icon clearfix top-style\"><\/div>\n<\/div>\n<\/div>\n<\/div>\n<\/div>\n<\/div>\n<\/div>\n<\/section>","protected":false},"excerpt":{"rendered":"<p>Kara Lojisti\u011fi Denmar, ihracat ve ithalat karayolu ta\u015f\u0131mac\u0131l\u0131\u011f\u0131 i\u00e7in \u00e7\u00f6z\u00fcm orta\u011f\u0131n\u0131z olarak hizmetinizdedir.\u00a0\u00a0\u0130thalat ve ihracat karayolu ta\u015f\u0131mac\u0131l\u0131\u011f\u0131 i\u00e7in sevk\u0131yat\u0131n\u0131z\u0131n a\u011f\u0131rl\u0131\u011f\u0131na ve hacmine bak\u0131lmaks\u0131z\u0131n, g\u00fc\u00e7l\u00fc bir acenteler a\u011f\u0131, h\u0131z ve hizmet kalitesi ile en&#8230;<\/p>\n","protected":false},"author":1,"featured_media":0,"parent":0,"menu_order":0,"comment_status":"closed","ping_status":"closed","template":"","meta":{"footnotes":""},"class_list":["post-1372","page","type-page","status-publish","hentry"],"_links":{"self":[{"href":"https:\/\/denmar.com.tr\/index.php?rest_route=\/wp\/v2\/pages\/1372","targetHints":{"allow":["GET"]}}],"collection":[{"href":"https:\/\/denmar.com.tr\/index.php?rest_route=\/wp\/v2\/pages"}],"about":[{"href":"https:\/\/denmar.com.tr\/index.php?rest_route=\/wp\/v2\/types\/page"}],"author":[{"embeddable":true,"href":"https:\/\/denmar.com.tr\/index.php?rest_route=\/wp\/v2\/users\/1"}],"replies":[{"embeddable":true,"href":"https:\/\/denmar.com.tr\/index.php?rest_route=%2Fwp%2Fv2%2Fcomments&post=1372"}],"version-history":[{"count":1,"href":"https:\/\/denmar.com.tr\/index.php?rest_route=\/wp\/v2\/pages\/1372\/revisions"}],"predecessor-version":[{"id":1373,"href":"https:\/\/denmar.com.tr\/index.php?rest_route=\/wp\/v2\/pages\/1372\/revisions\/1373"}],"wp:attachment":[{"href":"https:\/\/denmar.com.tr\/index.php?rest_route=%2Fwp%2Fv2%2Fmedia&parent=1372"}],"curies":[{"name":"wp","href":"https:\/\/api.w.org\/{rel}","templated":true}]}}